{"id":9,"date":"2023-04-09T22:30:35","date_gmt":"2023-04-09T20:30:35","guid":{"rendered":"https:\/\/www.amucor94.org\/?page_id=9"},"modified":"2023-10-19T23:41:52","modified_gmt":"2023-10-19T21:41:52","slug":"accueil","status":"publish","type":"page","link":"https:\/\/www.amucor94.org\/","title":{"rendered":"Bienvenue sur le site de l&#8217;AMUCOR 94"},"content":{"rendered":"\n<figure class=\"wp-block-image size-full is-resized\"><img loading=\"lazy\" decoding=\"async\" width=\"489\" height=\"96\" src=\"https:\/\/www.amucor94.org\/wp-content\/uploads\/2023\/04\/image-1.png\" alt=\"\" class=\"wp-image-78\" style=\"width:583px;height:114px\" srcset=\"https:\/\/www.amucor94.org\/wp-content\/uploads\/2023\/04\/image-1.png 489w, https:\/\/www.amucor94.org\/wp-content\/uploads\/2023\/04\/image-1-300x59.png 300w\" sizes=\"auto, (max-width: 489px) 100vw, 489px\" \/><\/figure>\n\n\n\n<p>Association des m\u00e9decins urgentistes clinique de l&#8217;Orangerie 94<\/p>\n\n\n\n<p>Cr\u00e9\u00e9e en 2000, enregistr\u00e9 \u00e0 la sous pr\u00e9fecture depuis 2008<\/p>\n\n\n\n<ul class=\"wp-block-list\">\n<li style=\"font-style:italic;font-weight:800\"><a href=\"https:\/\/www.amucor94.org\/index.php\/webinaire-du-17-octobre-2023\/\">Webinaire du 17 Octobre 2023<\/a> (Les topos en ligne)<\/li>\n\n\n\n<li style=\"font-style:italic;font-weight:800\"><a href=\"http:\/\/docs.google.com\/forms\/d\/e\/1FAIpQLSeG2ilv_UMYSYYeCNlzXtoH_RMAmgBXoQPxuPN6hBlpIdmhJA\/viewform?vc=0&amp;c=0&amp;w=1&amp;flr=0\" target=\"_blank\" rel=\"noreferrer noopener\">Quizz sur la r\u00e9alisation d&#8217;un ECG<\/a> (Septembre 2023)<\/li>\n\n\n\n<li style=\"font-style:italic;font-weight:800\"><a href=\"http:\/\/docs.google.com\/forms\/d\/e\/1FAIpQLSeFXybWip62XiOZSybeWq9ouCC88mzYH5sxceY-tsWug1D1qg\/viewform\">Quizz sur les vitamines<\/a> (Juillet 2023)<\/li>\n\n\n\n<li style=\"font-style:italic;font-weight:800\"><a href=\"https:\/\/www.amucor94.org\/index.php\/webinaire-du-16-mai-2023-a-21h30\/\">Webinaire du 16 Mai 2023<\/a> (Les topos en ligne)<\/li>\n\n\n\n<li style=\"font-style:italic;font-weight:800\">Organigramme<\/li>\n\n\n\n<li style=\"font-style:italic;font-weight:800\">Histoire p\u00e9dagogique de l&#8217;AMUCOR 94<\/li>\n<\/ul>\n\n\n\n<p>INSCRIPTION AU WEBINAIRE<\/p>\n","protected":false},"excerpt":{"rendered":"<p>Association des m\u00e9decins urgentistes clinique de l&#8217;Orangerie 94 Cr\u00e9\u00e9e en 2000, enregistr\u00e9 \u00e0 la sous pr\u00e9fecture depuis 2008 INSCRIPTION AU &hellip; <\/p>\n","protected":false},"author":1,"featured_media":0,"parent":0,"menu_order":0,"comment_status":"closed","ping_status":"closed","template":"","meta":{"footnotes":""},"class_list":["post-9","page","type-page","status-publish","hentry"],"_links":{"self":[{"href":"https:\/\/www.amucor94.org\/index.php\/wp-json\/wp\/v2\/pages\/9","targetHints":{"allow":["GET"]}}],"collection":[{"href":"https:\/\/www.amucor94.org\/index.php\/wp-json\/wp\/v2\/pages"}],"about":[{"href":"https:\/\/www.amucor94.org\/index.php\/wp-json\/wp\/v2\/types\/page"}],"author":[{"embeddable":true,"href":"https:\/\/www.amucor94.org\/index.php\/wp-json\/wp\/v2\/users\/1"}],"replies":[{"embeddable":true,"href":"https:\/\/www.amucor94.org\/index.php\/wp-json\/wp\/v2\/comments?post=9"}],"version-history":[{"count":9,"href":"https:\/\/www.amucor94.org\/index.php\/wp-json\/wp\/v2\/pages\/9\/revisions"}],"predecessor-version":[{"id":171,"href":"https:\/\/www.amucor94.org\/index.php\/wp-json\/wp\/v2\/pages\/9\/revisions\/171"}],"wp:attachment":[{"href":"https:\/\/www.amucor94.org\/index.php\/wp-json\/wp\/v2\/media?parent=9"}],"curies":[{"name":"wp","href":"https:\/\/api.w.org\/{rel}","templated":true}]}}